n factor of 52 and 7397065?
13
Calculate the highest common factor of 1253512 and 1612.
52
What is the highest common divisor of 918660 and 4380?
60
Calculate the greatest common divisor of 11679882 and 12.
6
What is the greatest common divisor of 190 and 298414?
38
Calculate the greatest common divisor of 6577 and 484.
1
Calculate the highest common factor of 30551520 and 480.
480
Calculate the highest common factor of 111 and 99652026.
111
What is the highest common divisor of 253 and 46277748?
253
What is the highest common divisor of 6889975 and 225?
25
What is the greatest common divisor of 185058611 and 6998?
3499
Calculate the highest common factor of 20128749 and 552.
69
Calculate the highest common divisor of 92 and 94845054.
46
Calculate the greatest common divisor of 39447600 and 994.
142
What is the greatest common factor of 2889 and 51404405?
107
Calculate the greatest common factor of 1448 and 694023142.
362
What is the highest common divisor of 82316383 and 100791?
3733
What is the highest common divisor of 1143620494 and 31672?
7918
What is the greatest common divisor of 5 and 6736045?
5
What is the greatest common divisor of 6308 and 1739680?
332
Calculate the highest common factor of 1102 and 9998.
2
What is the highest common divisor of 427230400 and 1921?
1921
What is the greatest common divisor of 2424 and 33558159?
303
What is the highest common divisor of 771188936 and 71?
71
What is the highest common divisor of 459 and 8345793?
51
What is the highest common factor of 34591 and 509?
1
Calculate the highest common factor of 21641206 and 115.
23
Calculate the greatest common divisor of 166049 and 201877.
689
What is the highest common factor of 50553576 and 752?
376
What is the highest common factor of 4355 and 8635094?
871
Calculate the greatest common factor of 1661168 and 24252.
188
What is the greatest common factor of 5292 and 122661?
189
What is the highest common factor of 165946935 and 63?
21
Calculate the greatest common divisor of 3477 and 36977529.
183
What is the highest common divisor of 496 and 366677548?
124
Calculate the greatest common divisor of 721 and 135733503.
103
Calculate the greatest common factor of 820 and 146821.
41
Calculate the highest common factor of 50381832 and 534.
534
Calculate the highest common divisor of 1127 and 971428.
23
What is the highest common divisor of 6593430 and 1650?
30
What is the greatest common divisor of 88 and 9956?
4
What is the highest common divisor of 3857077 and 713?
23
What is the greatest common factor of 152 and 2104003?
19
What is the highest common factor of 4525 and 2966771?
181
What is the greatest common factor of 20382 and 23636412?
258
What is the greatest common divisor of 6745 and 219035?
355
Calculate the greatest common divisor of 171 and 2019156.
3
What is the greatest common divisor of 144770 and 33170?
310
Calculate the greatest common divisor of 50635 and 12521665.
1235
Calculate the highest common factor of 846 and 112810293.
423
What is the highest common factor of 1616881 and 108262?
133
Calculate the highest common factor of 23160 and 468960.
120
Calculate the greatest common divisor of 590 and 182218196.
118
What is the greatest common divisor of 4126047 and 236?
59
Calculate the greatest common divisor of 4380 and 190019.
73
What is the greatest common factor of 63 and 15141777?
21
What is the greatest common factor of 3714783 and 3954?
1977
What is the highest common factor of 147741 and 543345?
1221
What is the greatest common divisor of 3 and 740051250?
3
What is the greatest common factor of 288 and 14313672?
72
Calculate the greatest common factor of 251160 and 70280.
280
What is the greatest common divisor of 165 and 402165291?
33
What is the greatest common factor of 52561047 and 77?
77
What is the highest common factor of 21473896 and 24?
8
Calculate the greatest common factor of 550 and 32197220.
110
What is the highest common factor of 71869 and 2576?
7
Calculate the greatest common divisor of 1651 and 4586569.
13
What is the highest common divisor of 253227 and 7367139?
5889
What is the highest common divisor of 4464 and 2419302?
186
Calculate the greatest common divisor of 18 and 31288590.
18
What is the highest common factor of 2670 and 2521370?
890
What is the highest common factor of 172 and 456856252?
172
What is the highest common divisor of 8133 and 857?
1
Calculate the highest common divisor of 1322 and 63452695.
661
Calculate the highest common factor of 31325756 and 22624.
2828
What is the highest common factor of 22252 and 68452715?
5563
What is the highest common divisor of 894 and 98787?
447
Calculate the greatest common factor of 1735128 and 3944.
232
What is the greatest common factor of 58023465 and 164715?
2085
Calculate the highest common factor of 179721959 and 543.
181
Calculate the highest common factor of 498664917 and 18.
9
What is the highest common factor of 69 and 8140551?
69
Calculate the highest common factor of 422394 and 15486.
534
Calculate the greatest common factor of 1847784 and 312.
24
What is the greatest common divisor of 233100 and 375600?
300
Calculate the highest common divisor of 1627648 and 102.
34
Calculate the highest common divisor of 1150714 and 869.
79
Calculate the greatest common divisor of 24329354 and 161.
161
Calculate the greatest common divisor of 10734 and 1544.
2
Calculate the highest common divisor of 3393 and 114460593.
1131
Calculate the highest common divisor of 105552 and 208224.
144
Calculate the highest common factor of 1716 and 852462.
78
What is the greatest common factor of 535 and 5576840?
535
What is the highest common factor of 32148 and 8718030?
846
Calculate the highest common divisor of 2344 and 1063000.
8
What is the greatest common divisor of 8246 and 17596166?
266
Calculate the highest common divisor of 21286549 and 118617.
2081
Calculate the greatest common divisor of 6063838 and 24442.
2222
Calculate the greatest common factor of 3280 and 363670.
410
What is the greatest common factor of 201790257 and 3843?
183
What is the highest common factor of 26 and 8892406?
2
What is the highest common factor of 1020 and 18544620?
1020
What is the greatest common divisor of 890 and 212628565?
445
What is the greatest common divisor of 43584609 and 46?
23
Calculate the highest common factor of 3456 and 623106.
54
Calculate the greatest common factor of 7 and 113106238.
7
What is the highest common factor of 677490 and 84480?
330
What is the highest common divisor of 2024825 and 1013905?
995
What is the highest common factor of 146 and 9535434?
2
Calculate the greatest common factor of 440505 and 101205.
585
Calculate the highest common factor of 623 and 903884.
89
Calculate the highest common divisor of 153 and 12247191.
153
Calculate the highest common factor of 669 and 3395621.
223
What is the highest common divisor of 9869926 and 22?
22
Calculate the greatest common factor of 200788 and 14284228.
2828
What is the greatest common factor of 1017 and 115727481?
1017
What is the greatest common factor of 16440 and 13265436?
1644
What is the greatest common factor of 35 and 3171525?
35
What is the greatest common factor of 2532173231 and 1477?
1477
Calculate the greatest common factor of 953104 and 213.
71
What is the highest common divisor of 104 and 131447862?
26
What is the greatest common divisor of 8487 and 1242218?
41
Calculate the highest common factor of 4925051 and 796.
199
Calculate the highest common factor of 64538212 and 317813.
7391
Calculate the highest common factor of 648 and 247610.
2
What is the greatest common divisor of 11957 and 5401303?
1087
What is the highest common divisor of 1582 and 122713367?
791
Calculate the greatest common divisor of 1554949 and 11.
11
What is the highest common factor of 14872 and 5085548?
676
Calculate the highest common divisor of 88 and 90108084.
44
What is the highest common divisor of 139565189 and 34?
17
What is the highest common divisor of 452959 and 949?
13
Calculate the highest common divisor of 1100 and 35442.
22
Calculate the greatest common divisor of 248329991 and 546.
91
Calculate the highest common divisor of 10 and 10977815.
5
What is the highest common factor of 11185701 and 2123?
193
Calculate